be the third derivative of m**4/12 + 4*m**3/3 - 20*m**2. Let t be n(-5). Determine j(t).
3
Let p be (3 + -3)/(2 - 1). Let y(r) = -r**2 - r - 3. Give y(p).
-3
Suppose -398*b + 408*b + 270 = 0. Let s(v) = -v**2 - 27*v + 10. Give s(b).
10
Let k(w) = 4*w. Let m be -2 + 0/(-2) + (2 - -25). Let v = m - 27. Determine k(v).
-8
Let z(i) = 6*i**2 + i. Suppose u + 3*u + 5*f - 43 = 0, 0 = -5*u + 3*f + 26. Let x = -5 + u. Suppose 14*m = 16*m - x. What is z(m)?
7
Let x(z) = 2*z + 6. Let d = 65 - 57. Let a be (-4)/3*12/d - 3. Give x(a).
-4
Let f be ((-1)/2)/(1/(-4)). Let z(a) = -f - 3 + a + 2 + 5. Let n(l) = l**2 + 4*l - 3. Let k be n(-4). What is z(k)?
-1
Let m(x) be the third derivative of -x**4/24 + 7*x**3/6 - 3*x**2. Let f be m(5). Let r be (5/f)/((-3)/6). Let t(o) = -2*o + 2. What is t(r)?
12
Let k(i) be the first derivative of 1/3*i**3 - 51 + 2*i**2 + 0*i. Calculate k(-3).
-3
Let d(r) = -1. Let q(z) = z + 7. Let w(j) = 4*j + 35. Let u be -15 - (-2 + 0) - -2. Let p(m) = u*q(m) + 2*w(m). Let k(v) = -6*d(v) + p(v). Determine k(-2).
5
Suppose 33*k - 28*k = -35. Let t(q) = q**2 + 10*q + 8. What is t(k)?
-13
Let a(p) be the third derivative of -p**5/60 + p**4/3 + 2*p**2. Let w(m) = -7*m - 22. Let q be w(-4). What is a(q)?
12
Let s(g) = -g**3 - 2*g**2 - 3*g. Let y(j) = 2*j**2 + 3*j. Let z be y(-5). Suppose -9*x + z = -8*x. Suppose i - x = 5*n - 12, 4*n + 14 = 3*i. Determine s(i).
6
Let o(r) = -r**3 + 4*r**2 + 3*r + 4. Let j(x) = -x - 25. Let d be (-2)/(-6) - (-111)/(-9). Let v be j(d). Let u = -8 - v. Calculate o(u).
-6
Let v(m) = -m**2 + 61. Suppose r + 5*h + 28 = 0, 0 = -3*r - 82*h + 79*h - 36. Give v(r).
-3
Let u(b) = -b**3 - 7*b**2 - 7*b + 1. Let r(i) = -2*i - 15. Let h be r(-7). Let x be h - (1/1)/(-1). Suppose 4*y = -x*y - 20. Determine u(y).
-14
Let k(s) = 10*s + 11. Let t(y) = y + 1. Let v(z) = -6*k(z) + 66*t(z). Suppose 1 + 2 = 3*i. Give v(i).
6
Let s(v) = 19 + 2229*v**2 - 2237*v**2 - 11*v - 36 - v**3. What is s(-7)?
11
Let b(s) = -5*s**3 + 15*s**2 - 14*s + 5. Let a(m) = -6*m**3 + 16*m**2 - 15*m + 4. Let f(u) = -4*a(u) + 5*b(u). Determine f(10).
9
Let f(a) be the first derivative of -17*a**3/3 + 11*a**2/2 - 9*a - 3. Let j(t) = -9*t**2 + 6*t - 5. Let l(q) = 6*f(q) - 11*j(q). What is l(1)?
-2
Suppose 2*a + 4*a - 24 = 0. Suppose a*w + 20 = 24. Let x(y) be the first derivative of -3*y**4/4 - y**3/3 + y**2 - y + 2. Give x(w).
-3
Let v(p) = -3*p. Let o be v(-1). Suppose -4*h - 5*s - 5 = 0, 0*h + o*s = -h - 3. Let k(f) = -9*f + 8*f + h*f - 4. What is k(-5)?
1
Let y(z) = -z**3 - 10*z**2 - 10. Let p be y(-10). Let v(l) = -l**3 - 9*l**2 + 10*l + 13. What is v(p)?
13
Let n(w) = -5*w**2 + 3*w + 5. Let g(u) = u**3 - u**2. Let k(p) = -g(p) + n(p). Let f be (6/(6/2))/((-1)/2). Give k(f).
-7
Let h(t) = -t**3 + 12*t**2 - 19*t + 4. Let j be h(10). Suppose -28 = -7*x + j. Let c(o) = -2*o + 7. Give c(x).
-5
Let l(p) = -3 + 0 - 14435*p**2 + p + 14436*p**2. Give l(0).
-3
Let g(p) = p**2 + 7*p - 1. Suppose 2 = -2*h, h = 2*w - 4*w + 23. Suppose 61 - 10 = 3*d. Let l = w - d. Calculate g(l).
-11
Let w(j) = -j**3 + 3*j**2 + 4*j - 6. Let i be 129/(-2)*2*(-3)/9. Let p = i + -39. Calculate w(p).
-6
Let z(x) = x**2 - 21. Suppose -5*k + 2*c = -381, -3*c = k - 56 - 10. Let a = k - 75. Give z(a).
-21
Suppose 5*c + 5*d = 10, 9 - 1 = 5*c + 3*d. Let z(u) = u**2 - 1. What is z(c)?
0
Let a(u) = -u**2 + u - 1. Suppose -24 = -4*w - 4*y, 5*y = 5*w - 0*y + 20. Let z = 145 - 142. Let x = z - w. What is a(x)?
-3
Let j = 211 + -213. Let c(h) = -2*h + 1. What is c(j)?
5
Let a(d) = -d**3 - 3*d**2 + d + 6. Let p(g) = 4*g**3 + 8*g**2 - 4*g - 19. Let b(v) = 7*a(v) + 2*p(v). Let c be ((-40)/24)/(4 - (-65)/(-15)). What is b(c)?
-1
Let l(k) be the first derivative of 9/2*k**2 + 10*k + 3 + 1/3*k**3. Give l(-8).
2
Let x(p) be the second derivative of p**4/12 + 13*p**3/6 + 11*p**2/2 - 2*p + 1. Give x(-12).
-1
Suppose 5*l + 0*l - n = 20, -4*l - 3*n - 3 = 0. Suppose k + 3*k - 22 = -o, l*o - 2 = 4*k. Let x(z) = 4*z - 3. Determine x(o).
21
Let d(o) = -o - 3*o - o**3 + 2*o - 4*o**2 + 6 - o**2. Let h be d(-5). Let w = 12 - h. Let n(v) = 3*v + 5. Give n(w).
-7
Suppose -16 - 8 = 4*s. Let u(a) be the first derivative of 1/3*a**3 + 9/2*a**2 + 4*a - 3. Determine u(s).
-14
Let f(m) = -15*m - 32. Let n(a) = 13*a + 29. Let u(w) = -5*f(w) - 6*n(w). Determine u(-5).
1
Let p(q) = q**3 + 2. Let s = 37 + -31. Let g be (-7)/4 + s/(-24). Give p(g).
-6
Let u = 923 + -923. Let g(n) = -n + 43. Calculate g(u).
43
Let n(q) = q**3 + 4*q**2 - 5*q + 6. Suppose 3*j = 3 + 6, -j = -4*s + 125. Let c be 2/3*(-240)/s. Determine n(c).
6
Let w(m) = -m**3 - 3*m**2 + 2*m - 5. Let x(c) = -3*c + 8. Let s = -45 - -49. Let g be x(s). Calculate w(g).
3
Let u(r) be the third derivative of r**5/12 + r**4/24 - r**3/6 + 5*r**2 - 116*r. Determine u(-3).
41
Let s(x) = x**3 - x**2 + 3*x - 5. Let v(b) = 2*b**2 + 19*b + 4. Let k be v(0). Calculate s(k).
55
Suppose 13*l = -26*l + 39. Let n(b) = b. Calculate n(l).
1
Let l be 1/(-30)*55/(-22). Let y(c) be the third derivative of 1/8*c**4 + 1/120*c**6 - l*c**5 + 4*c**2 - 2/3*c**3 + 0 + 0*c. Calculate y(4).
-8
Let k be (-8)/(-28) - 38/(-14). Suppose -d - o = -5*d + k, -5*o + 5 = 0. Let p(j) = 3*j**2 + j - 1. Calculate p(d).
3
Let x(u) = -5*u**2 - 8*u + 6. Let m(j) = 2*j + 3. Let a be m(-4). Let v(d) = 4*d**2 + 7*d - 5. Let k(f) = a*x(f) - 6*v(f). Determine k(2).
0
Let i(f) be the first derivative of -f**4/4 - f**3 - f**2 - 4*f - 101. Let u be (2 - 0)/(2/(-3)). What is i(u)?
2
Let s(i) = i**3 - 4*i**2 + 4*i + 4. Let n be (-224)/(-70) - 8/(-10). What is s(n)?
20
Let q(s) = s**3 + 6*s**2 - 8*s - 4. Let n = 244 + -251. What is q(n)?
3
Let l be 1 - 1/(-7 + 176/24). Let p(w) = 3*w**3 + w**2 + 2. Determine p(l).
-18
Let k(i) = 6*i**2 - 5*i. Let v(w) = 4*w - 1 - 4*w + w. Let y(x) = -k(x) + 4*v(x). Let t(m) = -5*m**2 + 9*m - 5. Let z(r) = -5*t(r) + 4*y(r). What is z(6)?
-9
Let w(h) = h**2 - 10*h - 15. Let b be w(12). Let r be (-1 + (-3)/b)*3. Let g be ((-14)/r)/(3/(-6)). Let f(j) = j + 2. Give f(g).
-5
Let f(v) be the first derivative of v**4/4 + 4*v**3/3 + 5*v - 9. Let c = 5 - 3. Suppose q + 2 = -c. Calculate f(q).
5
Let t(x) = x**2 - 5*x + 4. Let p(l) = -l**2 + 5*l + 11. Let n be (-136)/(-22) - (-2)/(-11). Let f be p(n). What is t(f)?
4
Let u(p) = -15*p - 2. Let o(g) = 15*g + 2. Let i(r) = 5*o(r) + 6*u(r). Determine i(-1).
13
Let h(v) = -v**2 - 4*v + 7. Let w = 20 + -7. Suppose r + 4 = w. Suppose -3*n - 10 = 2*a, -4*a + 1 = n - r. What is h(n)?
-5
Let g(r) = -16*r**2 + 5*r**2 + 12*r**2 + 6*r + 5. Let q(x) = -6 + 0 - 2 + x + 4. Let u be q(0). Give g(u).
-3
Let k(g) be the second derivative of 0 + 4*g + 1/12*g**4 - 1/2*g**2 + 1/3*g**3. Give k(3).
14
Let u(g) = -28 - 599*g + 1224*g - 2*g**2 - 595*g. Let k be u(14). Let h(f) be the first derivative of f**4/4 + f**2/2 + 7*f - 1. What is h(k)?
7
Let v(z) = -z**2 - 6*z + 10. Let f be (-8)/2 - -1 - (14 + -19). Suppose -4*l + 5*x = 47, x - f*x - 5 = l. Give v(l).
-6
Let x(i) = -4*i**2 - 13*i - 7. Let o(h) = 3*h**2 + 11*h + 6. Let f(q) = 5*o(q) + 4*x(q). Let j = -2 - 0. What is f(j)?
-8
Let v(c) = -7*c**2 + 15*c - 6. Let a(r) be the first derivative of r**3 - 7*r**2/2 + 3*r - 10. Let w(m) = -5*a(m) - 2*v(m). What is w(3)?
3
Let p(l) = -6*l**2 - 3*l - 3. Let x be p(-2). Let y be 1/(-2 + x/(-9)). Let u(q) = -y*q - 2*q + q. Give u(1).
-4
Let h(k) = 4*k**2 + 48*k - 1 - 50*k - 4 + 4. Let m = -3 - -9. Suppose -4*t + 2 = m. Calculate h(t).
5
Let f(z) = -z**2 + 2*z - 6. Suppose 0 = -2*v + 4*w + 20, 68*w = 4*v + 65*w - 15. Calculate f(v).
-6
Let z(w) = w**2 + 8*w - 4. Let u be z(-9). Let o(p) = p - p**3 - 4*p**2 + u*p**2 - 2*p**2. Let r = 2 - 1. What is o(r)?
-1
Let l be (7 - 2)*-1*2/(-5). Let m(x) = -x**2 + 2*x**l - 112*x + 1 + 113*x. Give m(-2).
3
Suppose -5*q = j + 4 - 97, -5*j + 2*q = -438. Let b(s) = j - 3*s - 88. Suppose -5*x + 4 + 1 = 0. Give b(x).
-3
Let p = 3 - -2. Let k(t) = 14*t - 1. Let h(y) = -82*y - 1. Let c(o) = h(o) + 6*k(o). Calculate c(p).
3
Let j(i) = i**2 - 20*i - 33. Let x(z) = z**2 - z. Let v(s) = j(s) - 2*x(s). Let b be v(-16). Let h(r) = 6*r**3 - r**2 - 2*r - 1. Give h(b).
-6
Suppose 3*h = 4*h. Suppose 42 = 3*m - h. Let d(b) = 19 - 5 - m - 9*b. Calculate d(-1).
9
Let d(g) be the first derivative of 3*g**2/2 - 20*g + 17. Determine d(8).
4
Let m(a) = -a**2 + 2*a